{"id":2501,"date":"2016-02-26T15:38:59","date_gmt":"2016-02-26T15:38:59","guid":{"rendered":"http:\/\/veented.info\/crexis\/?page_id=254"},"modified":"2025-06-13T10:24:31","modified_gmt":"2025-06-13T08:24:31","slug":"home-revolution-slider-2","status":"publish","type":"page","link":"https:\/\/www.gizgraphics.ch\/","title":{"rendered":"Heimat"},"content":{"rendered":"<div class=\"wpb-content-wrapper\"><p>[vc_row full_width=&#8220;stretch_row_content_no_spaces&#8220; css=&#8220;.vc_custom_1522683678424{padding-top: -10px !important;padding-bottom: -10px !important;}&#8220; el_id=&#8220;first&#8220;][vc_column]\n\t\t\t<!-- START crexisslider21 REVOLUTION SLIDER 6.6.18 --><p class=\"rs-p-wp-fix\"><\/p>\n\t\t\t<rs-module-wrap id=\"rev_slider_14_1_wrapper\" data-source=\"gallery\" style=\"visibility:hidden;background:transparent;padding:0;margin:0px auto;margin-top:0;margin-bottom:0;\">\n\t\t\t\t<rs-module id=\"rev_slider_14_1\" style=\"\" data-version=\"6.6.18\">\n\t\t\t\t\t<rs-slides style=\"overflow: hidden; position: absolute;\">\n\t\t\t\t\t\t<rs-slide style=\"position: absolute;\" data-key=\"rs-25\" data-title=\"Slide\" data-thumb=\"\/\/www.gizgraphics.ch\/wp-content\/uploads\/homeslider1-1170x620-100x50.jpg\" data-anim=\"ms:600;r:0;\" data-in=\"o:0;\" data-out=\"a:false;\">\n\t\t\t\t\t\t\t<img decoding=\"async\" src=\"\/\/www.gizgraphics.ch\/wp-content\/plugins\/revslider\/public\/assets\/assets\/dummy.png\" alt=\"\" title=\"homeslider1\" width=\"1170\" height=\"620\" class=\"rev-slidebg tp-rs-img rs-lazyload\" data-lazyload=\"\/\/www.gizgraphics.ch\/wp-content\/uploads\/homeslider1-1170x620.jpg\" data-parallax=\"off\" data-no-retina>\n<!--\n\t\t\t\t\t\t\t--><rs-layer\n\t\t\t\t\t\t\t\tid=\"slider-14-slide-25-layer-2\" \n\t\t\t\t\t\t\t\tclass=\"rs-pxl-7\"\n\t\t\t\t\t\t\t\tdata-type=\"text\"\n\t\t\t\t\t\t\t\tdata-color=\"rgba(255, 255, 255, 1)\"\n\t\t\t\t\t\t\t\tdata-rsp_ch=\"on\"\n\t\t\t\t\t\t\t\tdata-xy=\"x:c;y:m;yo:-155px;\"\n\t\t\t\t\t\t\t\tdata-text=\"s:50;fw:600;a:center;\"\n\t\t\t\t\t\t\t\tdata-frame_0=\"y:50px;tp:600;\"\n\t\t\t\t\t\t\t\tdata-frame_1=\"tp:600;e:power4.out;st:750;sp:1060;sR:750;\"\n\t\t\t\t\t\t\t\tdata-frame_999=\"o:0;tp:600;e:nothing;st:w;sR:7190;\"\n\t\t\t\t\t\t\t\tstyle=\"z-index:6;font-family:'Titillium Web';text-transform:uppercase;-webkit-font-smoothing:subpixel-antialiased !important;\"\n\t\t\t\t\t\t\t>Willkommen bei \n\t\t\t\t\t\t\t<\/rs-layer><!--\n\n\t\t\t\t\t\t\t--><rs-layer\n\t\t\t\t\t\t\t\tid=\"slider-14-slide-25-layer-3\" \n\t\t\t\t\t\t\t\tclass=\"rs-pxl-7\"\n\t\t\t\t\t\t\t\tdata-type=\"text\"\n\t\t\t\t\t\t\t\tdata-color=\"rgba(255, 255, 255, 1)\"\n\t\t\t\t\t\t\t\tdata-rsp_ch=\"on\"\n\t\t\t\t\t\t\t\tdata-xy=\"x:c;xo:3px;y:m;yo:128px;\"\n\t\t\t\t\t\t\t\tdata-text=\"w:normal;s:15;l:22;fw:100;a:center;\"\n\t\t\t\t\t\t\t\tdata-dim=\"w:973px;h:78px;\"\n\t\t\t\t\t\t\t\tdata-frame_0=\"y:50px;tp:600;\"\n\t\t\t\t\t\t\t\tdata-frame_1=\"tp:600;e:power4.out;st:2620;sp:1000;sR:2620;\"\n\t\t\t\t\t\t\t\tdata-frame_999=\"o:0;tp:600;e:nothing;st:w;sR:5380;\"\n\t\t\t\t\t\t\t\tstyle=\"z-index:7;font-family:'Roboto';-webkit-font-smoothing:subpixel-antialiased !important;\"\n\t\t\t\t\t\t\t> \n\t\t\t\t\t\t\t<\/rs-layer><!--\n\n\t\t\t\t\t\t\t--><rs-layer\n\t\t\t\t\t\t\t\tid=\"slider-14-slide-25-layer-4\" \n\t\t\t\t\t\t\t\tclass=\"scroll-after rev-btn rs-pxl-7\"\n\t\t\t\t\t\t\t\tdata-type=\"button\"\n\t\t\t\t\t\t\t\tdata-color=\"rgba(255, 255, 255, 1)\"\n\t\t\t\t\t\t\t\tdata-xy=\"x:c;y:m;yo:109px;\"\n\t\t\t\t\t\t\t\tdata-text=\"s:13;l:14;a:center;\"\n\t\t\t\t\t\t\t\tdata-rsp_bd=\"off\"\n\t\t\t\t\t\t\t\tdata-padding=\"t:11;r:24;b:11;l:24;\"\n\t\t\t\t\t\t\t\tdata-border=\"bos:solid;boc:rgba(255, 255, 255, 0.1);bow:1px,1px,1px,1px;\"\n\t\t\t\t\t\t\t\tdata-frame_0=\"y:50px;tp:600;\"\n\t\t\t\t\t\t\t\tdata-frame_1=\"tp:600;e:power4.out;st:3030;sp:1170;sR:3030;\"\n\t\t\t\t\t\t\t\tdata-frame_999=\"o:0;tp:600;e:nothing;st:w;sR:4800;\"\n\t\t\t\t\t\t\t\tdata-frame_hover=\"bgc:rgba(183,183,183,0.2);boc:rgba(255,255,255,0.2);bor:0px,0px,0px,0px;bos:solid;bow:1px,1px,1px,1px;oX:50;oY:50;sp:100;\"\n\t\t\t\t\t\t\t\tstyle=\"z-index:8;background-color:rgba(170,170,170,0.1);font-family:'Oswald';text-transform:uppercase;cursor:pointer;outline:none;box-shadow:none;box-sizing:border-box;-moz-box-sizing:border-box;-webkit-box-sizing:border-box;\"\n\t\t\t\t\t\t\t>Weiter \n\t\t\t\t\t\t\t<\/rs-layer><!--\n\n\t\t\t\t\t\t\t--><rs-layer\n\t\t\t\t\t\t\t\tid=\"slider-14-slide-25-layer-7\" \n\t\t\t\t\t\t\t\tdata-type=\"image\"\n\t\t\t\t\t\t\t\tdata-rsp_ch=\"on\"\n\t\t\t\t\t\t\t\tdata-xy=\"x:c;y:m;\"\n\t\t\t\t\t\t\t\tdata-text=\"s:20,16,12,7;l:22,18,13,8;a:inherit;\"\n\t\t\t\t\t\t\t\tdata-dim=\"w:500px,412px,313px,193px;h:125px,103px,78px,48px;\"\n\t\t\t\t\t\t\t\tdata-frame_0=\"tp:600;\"\n\t\t\t\t\t\t\t\tdata-frame_1=\"tp:600;st:1830;sR:1830;\"\n\t\t\t\t\t\t\t\tdata-frame_999=\"o:0;tp:600;st:w;sR:6870;\"\n\t\t\t\t\t\t\t\tstyle=\"z-index:10;\"\n\t\t\t\t\t\t\t><img decoding=\"async\" src=\"\/\/www.gizgraphics.ch\/wp-content\/plugins\/revslider\/public\/assets\/assets\/dummy.png\" alt=\"\" class=\"tp-rs-img rs-lazyload\" width=\"400\" height=\"100\" data-lazyload=\"\/\/www.gizgraphics.ch\/wp-content\/uploads\/GG_cmyk_ohne_Adresse-weiss.png\" data-no-retina> \n\t\t\t\t\t\t\t<\/rs-layer><!--\n-->\t\t\t\t\t\t<\/rs-slide>\n\t\t\t\t\t\t<rs-slide style=\"position: absolute;\" data-key=\"rs-20\" data-title=\"Slide\" data-thumb=\"\/\/www.gizgraphics.ch\/wp-content\/uploads\/green-100x50.png\" data-duration=\"990\" data-anim=\"adpr:false;\">\n\t\t\t\t\t\t\t<img decoding=\"async\" src=\"\/\/www.gizgraphics.ch\/wp-content\/plugins\/revslider\/public\/assets\/assets\/dummy.png\" alt=\"\" title=\"Heimat\" class=\"rev-slidebg tp-rs-img rs-lazyload\" data-lazyload=\"\/\/www.gizgraphics.ch\/wp-content\/uploads\/green.png\" data-parallax=\"off\" data-no-retina>\n<!---->\t\t\t\t\t\t<\/rs-slide>\n\t\t\t\t\t\t<rs-slide style=\"position: absolute;\" data-key=\"rs-17\" data-title=\"Slide\" data-thumb=\"\/\/www.gizgraphics.ch\/wp-content\/uploads\/homeslider2b-1170x620-100x50.jpg\" data-anim=\"ms:1100;r:0;\" data-in=\"o:0;\" data-out=\"a:false;\">\n\t\t\t\t\t\t\t<img decoding=\"async\" src=\"\/\/www.gizgraphics.ch\/wp-content\/plugins\/revslider\/public\/assets\/assets\/dummy.png\" alt=\"\" title=\"homeslider2b\" width=\"1170\" height=\"620\" class=\"rev-slidebg tp-rs-img rs-lazyload\" data-lazyload=\"\/\/www.gizgraphics.ch\/wp-content\/uploads\/homeslider2b-1170x620.jpg\" data-parallax=\"off\" data-no-retina>\n<!--\n\t\t\t\t\t\t\t--><rs-layer\n\t\t\t\t\t\t\t\tid=\"slider-14-slide-17-layer-2\" \n\t\t\t\t\t\t\t\tclass=\"rs-pxl-7\"\n\t\t\t\t\t\t\t\tdata-type=\"text\"\n\t\t\t\t\t\t\t\tdata-color=\"rgba(255, 255, 255, 1)\"\n\t\t\t\t\t\t\t\tdata-rsp_ch=\"on\"\n\t\t\t\t\t\t\t\tdata-xy=\"x:c;xo:1px,0,0,0;y:m;yo:-70px,-57px,-43px,-26px;\"\n\t\t\t\t\t\t\t\tdata-text=\"w:normal;s:80,66,50,30;l:80,66,50,30;fw:600;a:center;\"\n\t\t\t\t\t\t\t\tdata-dim=\"w:844px,696px,528px,325px;\"\n\t\t\t\t\t\t\t\tdata-frame_0=\"y:50px,41px,31px,19px;tp:600;\"\n\t\t\t\t\t\t\t\tdata-frame_1=\"tp:600;e:power4.out;st:1100;sp:900;sR:1100;\"\n\t\t\t\t\t\t\t\tdata-frame_999=\"o:0;tp:600;e:nothing;st:w;sR:7000;\"\n\t\t\t\t\t\t\t\tstyle=\"z-index:5;font-family:'Titillium Web';text-transform:uppercase;-webkit-font-smoothing:subpixel-antialiased !important;\"\n\t\t\t\t\t\t\t>Kleine Agentur f\u00fcr grosse Anspr\u00fcche \n\t\t\t\t\t\t\t<\/rs-layer><!--\n\n\t\t\t\t\t\t\t--><rs-layer\n\t\t\t\t\t\t\t\tid=\"slider-14-slide-17-layer-3\" \n\t\t\t\t\t\t\t\tclass=\"rs-pxl-7\"\n\t\t\t\t\t\t\t\tdata-type=\"text\"\n\t\t\t\t\t\t\t\tdata-color=\"rgba(255, 255, 255, 1)\"\n\t\t\t\t\t\t\t\tdata-rsp_ch=\"on\"\n\t\t\t\t\t\t\t\tdata-xy=\"x:c;xo:2px,1px,0,0;y:m;yo:106px,87px,66px,40px;\"\n\t\t\t\t\t\t\t\tdata-text=\"w:normal;s:24,19,14,8;l:28,23,17,10;a:center;\"\n\t\t\t\t\t\t\t\tdata-dim=\"w:646px,533px,404px,249px;h:67px,55px,41px,25px;\"\n\t\t\t\t\t\t\t\tdata-frame_0=\"y:50px,41px,31px,19px;tp:600;\"\n\t\t\t\t\t\t\t\tdata-frame_1=\"tp:600;e:power4.out;st:1200;sp:900;sR:1200;\"\n\t\t\t\t\t\t\t\tdata-frame_999=\"o:0;tp:600;e:nothing;st:w;sR:6900;\"\n\t\t\t\t\t\t\t\tstyle=\"z-index:6;font-family:'Titillium Web';-webkit-font-smoothing:subpixel-antialiased !important;\"\n\t\t\t\t\t\t\t>Beratung, Konzeption, Planung, Gestaltung und Realisierung von Werbe- und sonstigen Kommunikationsmassnahmen.\n \n\t\t\t\t\t\t\t<\/rs-layer><!--\n\n\t\t\t\t\t\t\t--><rs-layer\n\t\t\t\t\t\t\t\tid=\"slider-14-slide-17-layer-4\" \n\t\t\t\t\t\t\t\tclass=\"scroll-after rev-btn rs-pxl-7\"\n\t\t\t\t\t\t\t\tdata-type=\"button\"\n\t\t\t\t\t\t\t\tdata-color=\"rgba(255, 255, 255, 1)\"\n\t\t\t\t\t\t\t\tdata-xy=\"x:c;xo:-1px;y:m;yo:182px;\"\n\t\t\t\t\t\t\t\tdata-text=\"s:13;l:14;a:center;\"\n\t\t\t\t\t\t\t\tdata-rsp_bd=\"off\"\n\t\t\t\t\t\t\t\tdata-padding=\"t:11;r:24;b:11;l:24;\"\n\t\t\t\t\t\t\t\tdata-border=\"bos:solid;boc:rgba(255, 255, 255, 0.1);bow:1px,1px,1px,1px;\"\n\t\t\t\t\t\t\t\tdata-frame_0=\"y:50px;tp:600;\"\n\t\t\t\t\t\t\t\tdata-frame_1=\"tp:600;e:power4.out;st:1300;sp:900;sR:1300;\"\n\t\t\t\t\t\t\t\tdata-frame_999=\"o:0;tp:600;e:nothing;st:w;sR:6800;\"\n\t\t\t\t\t\t\t\tdata-frame_hover=\"bgc:rgba(183,183,183,0.2);boc:rgba(255,255,255,0.2);bor:0px,0px,0px,0px;bos:solid;bow:1px,1px,1px,1px;oX:50;oY:50;sp:100;\"\n\t\t\t\t\t\t\t\tstyle=\"z-index:7;background-color:rgba(170,170,170,0.1);font-family:'Oswald';text-transform:uppercase;cursor:pointer;outline:none;box-shadow:none;box-sizing:border-box;-moz-box-sizing:border-box;-webkit-box-sizing:border-box;\"\n\t\t\t\t\t\t\t>Weiter \n\t\t\t\t\t\t\t<\/rs-layer><!--\n-->\t\t\t\t\t\t<\/rs-slide>\n\t\t\t\t\t\t<rs-slide style=\"position: absolute;\" data-key=\"rs-26\" data-title=\"Slide\" data-thumb=\"\/\/www.gizgraphics.ch\/wp-content\/uploads\/green-100x50.png\" data-duration=\"990\" data-anim=\"adpr:false;\">\n\t\t\t\t\t\t\t<img decoding=\"async\" src=\"\/\/www.gizgraphics.ch\/wp-content\/plugins\/revslider\/public\/assets\/assets\/dummy.png\" alt=\"\" title=\"Heimat\" class=\"rev-slidebg tp-rs-img rs-lazyload\" data-lazyload=\"\/\/www.gizgraphics.ch\/wp-content\/uploads\/green.png\" data-parallax=\"off\" data-no-retina>\n<!---->\t\t\t\t\t\t<\/rs-slide>\n\t\t\t\t\t\t<rs-slide style=\"position: absolute;\" data-key=\"rs-18\" data-title=\"Slide\" data-thumb=\"\/\/www.gizgraphics.ch\/wp-content\/uploads\/homeslider3c-1170x620-100x50.jpg\" data-anim=\"ms:1100;r:0;\" data-in=\"o:0;\" data-out=\"a:false;\">\n\t\t\t\t\t\t\t<img decoding=\"async\" src=\"\/\/www.gizgraphics.ch\/wp-content\/plugins\/revslider\/public\/assets\/assets\/dummy.png\" alt=\"\" title=\"homeslider3c\" width=\"1170\" height=\"620\" class=\"rev-slidebg tp-rs-img rs-lazyload\" data-lazyload=\"\/\/www.gizgraphics.ch\/wp-content\/uploads\/homeslider3c-1170x620.jpg\" data-parallax=\"off\" data-no-retina>\n<!--\n\t\t\t\t\t\t\t--><rs-layer\n\t\t\t\t\t\t\t\tid=\"slider-14-slide-18-layer-2\" \n\t\t\t\t\t\t\t\tclass=\"rs-pxl-7\"\n\t\t\t\t\t\t\t\tdata-type=\"text\"\n\t\t\t\t\t\t\t\tdata-color=\"rgba(255, 255, 255, 1)\"\n\t\t\t\t\t\t\t\tdata-rsp_ch=\"on\"\n\t\t\t\t\t\t\t\tdata-xy=\"x:c;y:m;yo:-70px,-57px,-43px,-26px;\"\n\t\t\t\t\t\t\t\tdata-text=\"s:80,66,50,30;l:100,82,62,38;fw:600;a:center;\"\n\t\t\t\t\t\t\t\tdata-frame_0=\"y:50px,41px,31px,19px;tp:600;\"\n\t\t\t\t\t\t\t\tdata-frame_1=\"tp:600;e:power4.out;st:1100;sp:900;sR:1100;\"\n\t\t\t\t\t\t\t\tdata-frame_999=\"o:0;tp:600;e:nothing;st:w;sR:7000;\"\n\t\t\t\t\t\t\t\tstyle=\"z-index:5;font-family:'Titillium Web';text-transform:uppercase;-webkit-font-smoothing:subpixel-antialiased !important;\"\n\t\t\t\t\t\t\t>Tun, was man kann. \n\t\t\t\t\t\t\t<\/rs-layer><!--\n\n\t\t\t\t\t\t\t--><rs-layer\n\t\t\t\t\t\t\t\tid=\"slider-14-slide-18-layer-3\" \n\t\t\t\t\t\t\t\tclass=\"rs-pxl-7\"\n\t\t\t\t\t\t\t\tdata-type=\"text\"\n\t\t\t\t\t\t\t\tdata-color=\"rgba(255, 255, 255, 1)\"\n\t\t\t\t\t\t\t\tdata-rsp_ch=\"on\"\n\t\t\t\t\t\t\t\tdata-xy=\"x:c;xo:2px,1px,0,0;y:m;yo:33px,27px,20px,12px;\"\n\t\t\t\t\t\t\t\tdata-text=\"w:normal;s:24,19,14,8;l:28,23,17,10;a:center;\"\n\t\t\t\t\t\t\t\tdata-dim=\"w:772px,637px,483px,297px;h:80px,66px,50px,30px;\"\n\t\t\t\t\t\t\t\tdata-frame_0=\"y:50px,41px,31px,19px;tp:600;\"\n\t\t\t\t\t\t\t\tdata-frame_1=\"tp:600;e:power4.out;st:1200;sp:900;sR:1200;\"\n\t\t\t\t\t\t\t\tdata-frame_999=\"o:0;tp:600;e:nothing;st:w;sR:6900;\"\n\t\t\t\t\t\t\t\tstyle=\"z-index:6;font-family:'Titillium Web';-webkit-font-smoothing:subpixel-antialiased !important;\"\n\t\t\t\t\t\t\t>GiZGRAPHICS hat nicht nur die Ideen, sondern setzt diese auch f\u00fcr Sie in die Praxis um. \nAlles professionell und termingerecht. \n\t\t\t\t\t\t\t<\/rs-layer><!--\n\n\t\t\t\t\t\t\t--><rs-layer\n\t\t\t\t\t\t\t\tid=\"slider-14-slide-18-layer-4\" \n\t\t\t\t\t\t\t\tclass=\"scroll-after rev-btn rs-pxl-7\"\n\t\t\t\t\t\t\t\tdata-type=\"button\"\n\t\t\t\t\t\t\t\tdata-color=\"rgba(255, 255, 255, 1)\"\n\t\t\t\t\t\t\t\tdata-xy=\"x:c;xo:-1px;y:m;yo:93px;\"\n\t\t\t\t\t\t\t\tdata-text=\"s:13;l:14;a:center;\"\n\t\t\t\t\t\t\t\tdata-rsp_bd=\"off\"\n\t\t\t\t\t\t\t\tdata-padding=\"t:11;r:24;b:11;l:24;\"\n\t\t\t\t\t\t\t\tdata-border=\"bos:solid;boc:rgba(255, 255, 255, 0.1);bow:1px,1px,1px,1px;\"\n\t\t\t\t\t\t\t\tdata-frame_0=\"y:50px;tp:600;\"\n\t\t\t\t\t\t\t\tdata-frame_1=\"tp:600;e:power4.out;st:1300;sp:900;sR:1300;\"\n\t\t\t\t\t\t\t\tdata-frame_999=\"o:0;tp:600;e:nothing;st:w;sR:6800;\"\n\t\t\t\t\t\t\t\tdata-frame_hover=\"bgc:rgba(183,183,183,0.2);boc:rgba(255,255,255,0.2);bor:0px,0px,0px,0px;bos:solid;bow:1px,1px,1px,1px;oX:50;oY:50;sp:100;\"\n\t\t\t\t\t\t\t\tstyle=\"z-index:7;background-color:rgba(170,170,170,0.1);font-family:'Oswald';text-transform:uppercase;cursor:pointer;outline:none;box-shadow:none;box-sizing:border-box;-moz-box-sizing:border-box;-webkit-box-sizing:border-box;\"\n\t\t\t\t\t\t\t>Weiter \n\t\t\t\t\t\t\t<\/rs-layer><!--\n-->\t\t\t\t\t\t<\/rs-slide>\n\t\t\t\t\t\t<rs-slide style=\"position: absolute;\" data-key=\"rs-27\" data-title=\"Slide\" data-thumb=\"\/\/www.gizgraphics.ch\/wp-content\/uploads\/green-100x50.png\" data-duration=\"990\" data-anim=\"adpr:false;\">\n\t\t\t\t\t\t\t<img decoding=\"async\" src=\"\/\/www.gizgraphics.ch\/wp-content\/plugins\/revslider\/public\/assets\/assets\/dummy.png\" alt=\"\" title=\"Heimat\" class=\"rev-slidebg tp-rs-img rs-lazyload\" data-lazyload=\"\/\/www.gizgraphics.ch\/wp-content\/uploads\/green.png\" data-parallax=\"off\" data-no-retina>\n<!---->\t\t\t\t\t\t<\/rs-slide>\n\t\t\t\t\t<\/rs-slides>\n\t\t\t\t<\/rs-module>\n\t\t\t\t<script>\n\t\t\t\t\tsetREVStartSize({c: 'rev_slider_14_1',rl:[1240,1024,778,480],el:[600,768,960,720],gw:[1240,1024,778,480],gh:[600,768,960,720],type:'standard',justify:'',layout:'fullwidth',mh:\"0\"});if (window.RS_MODULES!==undefined && window.RS_MODULES.modules!==undefined && window.RS_MODULES.modules[\"revslider141\"]!==undefined) {window.RS_MODULES.modules[\"revslider141\"].once = false;window.revapi14 = undefined;if (window.RS_MODULES.checkMinimal!==undefined) window.RS_MODULES.checkMinimal()}\n\t\t\t\t<\/script>\n\t\t\t<\/rs-module-wrap>\n\t\t\t<!-- END REVOLUTION SLIDER -->\n[\/vc_column][\/vc_row][vc_row el_id=&#8220;about&#8220;][vc_column][vc_column_text css=&#8220;&#8220;]<\/p>\n<h5 style=\"text-align: center;\">Seit \u00fcber 25 Jahren steht GiZGRAPHICS f\u00fcr eine verl\u00e4ssliche und erfolgreiche Umsetzung von Produkten, die stilgerecht pr\u00e4sentiert werden. Egal ob klassisch, modern oder originell \u2013 wir unterst\u00fctzen Sie mit kreativen Ideen und durchdachten Konzepten, die Ihre Zielgruppe direkt ansprechen. Bei uns erhalten Sie alle Dienstleistungen einer Full-Service-Agentur, jedoch mit den Vorteilen eines Ateliers. Denn bei GiZGRAPHICS steht im Mittelpunkt, dass die Ergebnisse f\u00fcr Sie stimmen. Wir arbeiten schnell und flexibel, um Ihre W\u00fcnsche so effektiv wie m\u00f6glich umzusetzen. Unsere Kommunikationswege sind kurz, damit wir stets in engem Kontakt bleiben k\u00f6nnen, und unsere Leistungen sind vielf\u00e4ltig, damit wir das passende Konzept f\u00fcr Sie finden. Wir sind Ihr Partner, wenn es darum geht, Produkte erfolgreich zu vermarkten und dabei Ihre individuellen Vorstellungen zu ber\u00fccksichtigen. \u00dcberzeugen Sie sich selbst und lassen Sie uns gemeinsam etwas Einzigartiges schaffen!<\/h5>\n<p>[\/vc_column_text][vc_row_inner][vc_column_inner width=&#8220;1\/3&#8243;]<div class=\"vntd-icon-box box icon-box-big-centered-square animated vntd-animated t-center\" data-animation=\"fadeIn\" data-animation-delay=\"100\"><div class=\"icon-box-icon box-icon fullwidth t-center normal\"><div class=\"changeable-icon\" target=\"_self\"><i class=\"vc_li vc_li-note\"><\/i><\/div><\/div><div class=\"icon-box-content\"><h4 class=\"icon-box-title box-header no-padding\">Printmedia<\/h4><p class=\"icon-description no-padding no-margin\">Trotz des digitalen Zeitalters hat die klassische Printwerbung noch lange nicht ausgedient. Im Gegenteil: Sie ist nach wie vor ein erfolgsentscheidendes Medium, um Ihre Zielgruppe aufmerksam zu machen und die gew\u00fcnschte Botschaft zu vermitteln. Und wer k\u00f6nnte Ihnen dabei besser zur Seite stehen als GiZGRAPHICS? Wir bieten Ihnen alle Leistungen, die Sie f\u00fcr eine erfolgreiche Printkampagne ben\u00f6tigen - von der Beratung und Konzeption bis zur Kreation und Projektabwicklung. Dabei sind wir spezialisiert auf Branding, Konzeptionen und Kommunikationsma\u00dfnahmen wie z.B. Logos, Gesch\u00e4ftspapiere, Gesch\u00e4ftsberichte, Brosch\u00fcren, Directmailings, Plakate, Flyer, B\u00fccher, Werbeanzeigen und vieles mehr. Mit unserer Kreativit\u00e4t, unserem Stil und unserer \u00c4sthetik bringen wir Ihre W\u00fcnsche auf den Punkt und machen Ihre Printwerbung zu einem echten Erfolgserlebnis. \u00dcberzeugen Sie sich selbst!<\/p><\/div><\/div>[\/vc_column_inner][vc_column_inner width=&#8220;1\/3&#8243;]<div class=\"vntd-icon-box box icon-box-big-centered-square animated vntd-animated t-center\" data-animation=\"fadeIn\" data-animation-delay=\"300\"><div class=\"icon-box-icon box-icon fullwidth t-center normal\"><div class=\"changeable-icon\" target=\"_self\"><i class=\"vc_li vc_li-display\"><\/i><\/div><\/div><div class=\"icon-box-content\"><h4 class=\"icon-box-title box-header no-padding\">Multimedia<\/h4><p class=\"icon-description no-padding no-margin\">Die Welt wird immer digitaler und Unternehmen m\u00fcssen sich dieser Entwicklung stellen, um nicht den Anschluss zu verlieren. Dabei ist es essenziell, eine globale Pr\u00e4senz zu haben und dieses unendliche Potential durch eine virtuelle Filiale zu nutzen. GiZGRAPHICS bietet mit individuellen digitalen L\u00f6sungen eine M\u00f6glichkeit, genau das zu erreichen. Durch langj\u00e4hriges Know-how im Multimediabereich sind auch Animationen kein Problem. Ob als Erg\u00e4nzung f\u00fcr den Webauftritt, die Firmenpr\u00e4sentation oder den TV-Spot, die Anwendungsgebiete sind praktisch unbegrenzt. Nutzen Sie diese Chance und seien Sie der Konkurrenz immer einen Schritt voraus!<\/p><\/div><\/div>[\/vc_column_inner][vc_column_inner width=&#8220;1\/3&#8243;]<div class=\"vntd-icon-box box icon-box-big-centered-square animated vntd-animated t-center\" data-animation=\"fadeIn\" data-animation-delay=\"500\"><div class=\"icon-box-icon box-icon fullwidth t-center normal\"><div class=\"changeable-icon\" target=\"_self\"><i class=\"vc_li vc_li-pen\"><\/i><\/div><\/div><div class=\"icon-box-content\"><h4 class=\"icon-box-title box-header no-padding\">Illustration<\/h4><p class=\"icon-description no-padding no-margin\">Ihr Projekt ist einzigartig und verdient eine Gestaltung, die es in Szene setzt und zum Erfolg f\u00fchrt. Ob es um die Entwicklung Ihres Firmenlogos oder Messestandes geht, um Gesch\u00e4ftsdrucksachen, Plakate oder POS-Material \u2013 GiZGRAPHICS bietet Ihnen Illustrationen in dem Stil, der am besten zu Ihrem Vorhaben passt. Wir setzen auf ausgefallene Ideen und handwerkliches K\u00f6nnen, um einpr\u00e4gsam gestaltete Werbeauftritte zu kreieren. Infografiken, Icons, Freihandzeichnungen, Skizzen, Cartoons, gemalte Bilder auf Leinwand \u2013 wir beherrschen das ganze Spektrum von naturgetreuer Darstellung bis hin zu k\u00fcnstlerischer Freiheit. Mit uns an Ihrer Seite wird Ihre Botschaft zum Blickfang und Ihre Marke zum Erfolg.<\/p><\/div><\/div>[\/vc_column_inner][\/vc_row_inner][\/vc_column][\/vc_row][vc_row parallax=&#8220;content-moving&#8220; parallax_image=&#8220;2502&#8243; color_scheme=&#8220;white&#8220; bg_overlay=&#8220;light&#8220; css=&#8220;.vc_custom_1522683757190{margin-top: -30px !important;background-color: #ffffff !important;}&#8220;][vc_column css=&#8220;.vc_custom_1522683916256{margin-top: -50px !important;padding-top: -50px !important;padding-bottom: -50px !important;}&#8220;]<div class=\"vntd-carousel-holder news\"><div class=\"vntd-carousel vntd-blog-carousel blog-slider t-left box-carousel three-items vntd-blog\" data-autoplay=\"true\">\n\t\t<div class=\"item box\">\n\t\t\t\n\t\t\t<div class=\"image\"><a href=\"https:\/\/www.gizgraphics.ch\/?p=4140\"><img decoding=\"async\" src=\"https:\/\/www.gizgraphics.ch\/wp-content\/uploads\/STH2301-Waggis5-800px-460x276.png\" alt=\"blog_image\" \/><\/a><\/div>\n\t\t\t<!-- Post Details -->\n\t\t\t<div class=\"details extra-light\">\n\t\t\t\t<!-- Header -->\n\t\t\t\t<h3 class=\"no-padding\"><a href=\"https:\/\/www.gizgraphics.ch\/?p=4140\">fasnachtsfaenschter.ch<\/a><\/h3>\n\t\t\t\t<!-- Post Details -->\n\t\t\t\t<p class=\"post-details\">\n\t\t\t\t\t<i class=\"fa fa-clock-o\"><\/i>\n\t\t\t\t\ton 05 Dez., 2023\t\t\t\t\t\t\t\t\t\t<i class=\"fa fa-user\"><\/i>\n\t\t\t\t\tPosted By <span class=\"colored\">guido happle<\/span>\n\t\t\t\t\t\t\t\t\t<\/p>\n\t\t\t\t<!-- Post Message -->\n\t\t\t\t<p class=\"post_message\"><p>[vc_row][vc_column][vc_column_text] Die brandneue Fasnachtsfaenschter-Kollektion 2024 ist endlich da! Von GiZ entworfene sieben witzige Waggis f\u00fcr eine herrliche fasn\u00e4chtliche Fensterdekoration. Bestellen Sie jetzt die neuen Figuren online auf fasnachtsfaenschter.ch und erg\u00e4nzen Sie Ihre...<\/p><\/p>\n\t\t\t\t<!-- Red More Button -->\n\t\t\t\t<a href=\"https:\/\/www.gizgraphics.ch\/?p=4140\" class=\"post_read_more_button ex-link uppercase\">Read More<\/a>\n\t\t\t<\/div>\n\t\t\t<!-- End Post Details -->\n\t\t<\/div>\t\n\t\t\t\t\t\t\t\n\t\t\n\t\t<div class=\"item box\">\n\t\t\t\n\t\t\t<div class=\"image\"><a href=\"https:\/\/www.gizgraphics.ch\/?p=4123\"><img decoding=\"async\" src=\"https:\/\/www.gizgraphics.ch\/wp-content\/uploads\/GiZ2023-460x276.png\" alt=\"blog_image\" \/><\/a><\/div>\n\t\t\t<!-- Post Details -->\n\t\t\t<div class=\"details extra-light\">\n\t\t\t\t<!-- Header -->\n\t\t\t\t<h3 class=\"no-padding\"><a href=\"https:\/\/www.gizgraphics.ch\/?p=4123\">GiZ.ch im neuen Outfit<\/a><\/h3>\n\t\t\t\t<!-- Post Details -->\n\t\t\t\t<p class=\"post-details\">\n\t\t\t\t\t<i class=\"fa fa-clock-o\"><\/i>\n\t\t\t\t\ton 08 Nov., 2023\t\t\t\t\t\t\t\t\t\t<i class=\"fa fa-user\"><\/i>\n\t\t\t\t\tPosted By <span class=\"colored\">guido happle<\/span>\n\t\t\t\t\t\t\t\t\t<\/p>\n\t\t\t\t<!-- Post Message -->\n\t\t\t\t<p class=\"post_message\"><p>[vc_row][vc_column][vc_column_text] GiZ.ch erstrahlt in neuem Glanz. Nach \u00fcber 10 Jahren pr\u00e4sentiert sich die Homepage nun in einem frischen und modernen Design. Momentan ist die Seite nur auf Englisch verf\u00fcgbar. [\/vc_column_text][\/vc_column][\/vc_row][vc_row full_width=&#8220;stretch_row&#8220;][vc_column][\/vc_column][\/vc_row][vc_row][vc_column][\/vc_column][\/vc_row]<\/p><\/p>\n\t\t\t\t<!-- Red More Button -->\n\t\t\t\t<a href=\"https:\/\/www.gizgraphics.ch\/?p=4123\" class=\"post_read_more_button ex-link uppercase\">Read More<\/a>\n\t\t\t<\/div>\n\t\t\t<!-- End Post Details -->\n\t\t<\/div>\t\n\t\t\t\t\t\t\t\n\t\t\n\t\t<div class=\"item box\">\n\t\t\t\n\t\t\t<div class=\"image\"><a href=\"https:\/\/www.gizgraphics.ch\/?p=4067\"><img decoding=\"async\" src=\"https:\/\/www.gizgraphics.ch\/wp-content\/uploads\/Peterskirchplatz-460x276.png\" alt=\"blog_image\" \/><\/a><\/div>\n\t\t\t<!-- Post Details -->\n\t\t\t<div class=\"details extra-light\">\n\t\t\t\t<!-- Header -->\n\t\t\t\t<h3 class=\"no-padding\"><a href=\"https:\/\/www.gizgraphics.ch\/?p=4067\">Flohmi-Egge ist wieder offen<\/a><\/h3>\n\t\t\t\t<!-- Post Details -->\n\t\t\t\t<p class=\"post-details\">\n\t\t\t\t\t<i class=\"fa fa-clock-o\"><\/i>\n\t\t\t\t\ton 02 Apr., 2023\t\t\t\t\t\t\t\t\t\t<i class=\"fa fa-user\"><\/i>\n\t\t\t\t\tPosted By <span class=\"colored\">guido happle<\/span>\n\t\t\t\t\t\t\t\t\t<\/p>\n\t\t\t\t<!-- Post Message -->\n\t\t\t\t<p class=\"post_message\"><p>[vc_row][vc_column][vc_column_text] Die Winterpause ist vorbei und der Flohmi-Egge wird bei warmen Wetter nach den Ostern wieder regelm\u00e4ssiger offen sein. Neben Barzahlung ist eine Bezahlung mit Kreditkarte, Apple Pay und Google Pay m\u00f6glich....<\/p><\/p>\n\t\t\t\t<!-- Red More Button -->\n\t\t\t\t<a href=\"https:\/\/www.gizgraphics.ch\/?p=4067\" class=\"post_read_more_button ex-link uppercase\">Read More<\/a>\n\t\t\t<\/div>\n\t\t\t<!-- End Post Details -->\n\t\t<\/div>\t\n\t\t\t\t\t\t\t\n\t\t<\/div><\/div>[\/vc_column][\/vc_row][vc_row color_scheme=&#8220;white&#8220; css=&#8220;.vc_custom_1535538329946{margin-top: 0px !important;margin-bottom: 0px !important;border-top-width: 0px !important;border-bottom-width: 0px !important;padding-top: 10px !important;padding-bottom: 5px !important;background-color: #00a295 !important;}&#8220;][vc_column]<div class=\"vntd-special-heading special-heading-align-center heading-no-separator\" style=\"margin-bottom:10px;\"><h1 class=\"header  font-primary font-size-30 font-primary font-weight-300\" >\u00abL\u00e4rm begegnet man am \u2028besten mit Stille, visuellen \u2028Ausbr\u00fcchen mit Zur\u00fcckhaltung. Zu wissen wann im\u2028 kreativen Bereich zu reden\u2028 und wann zu schweigen \u2028ist, soll als Grundlage f\u00fcr\u2028 gutes Design stehen.\u00bb<\/h1><\/div>[\/vc_column][\/vc_row]<\/p>\n<\/div>","protected":false},"excerpt":{"rendered":"<p>[vc_row full_width=&#8220;stretch_row_content_no_spaces&#8220; css=&#8220;.vc_custom_1522683678424{padding-top: -10px !important;padding-bottom: -10px !important;}&#8220; el_id=&#8220;first&#8220;][vc_column][\/vc_column][\/vc_row][vc_row el_id=&#8220;about&#8220;][vc_column][vc_column_text css=&#8220;&#8220;] Seit \u00fcber 25 Jahren steht GiZGRAPHICS f\u00fcr eine verl\u00e4ssliche und erfolgreiche Umsetzung von Produkten, die stilgerecht pr\u00e4sentiert werden. Egal ob klassisch, modern oder originell \u2013 wir unterst\u00fctzen Sie mit kreativen Ideen und durchdachten Konzepten, die Ihre Zielgruppe direkt ansprechen. Bei [&hellip;]<\/p>\n","protected":false},"author":3,"featured_media":0,"parent":0,"menu_order":0,"comment_status":"closed","ping_status":"closed","template":"","meta":{"footnotes":""},"class_list":["post-2501","page","type-page","status-publish","hentry"],"_links":{"self":[{"href":"https:\/\/www.gizgraphics.ch\/index.php?rest_route=\/wp\/v2\/pages\/2501","targetHints":{"allow":["GET"]}}],"collection":[{"href":"https:\/\/www.gizgraphics.ch\/index.php?rest_route=\/wp\/v2\/pages"}],"about":[{"href":"https:\/\/www.gizgraphics.ch\/index.php?rest_route=\/wp\/v2\/types\/page"}],"author":[{"embeddable":true,"href":"https:\/\/www.gizgraphics.ch\/index.php?rest_route=\/wp\/v2\/users\/3"}],"replies":[{"embeddable":true,"href":"https:\/\/www.gizgraphics.ch\/index.php?rest_route=%2Fwp%2Fv2%2Fcomments&post=2501"}],"version-history":[{"count":133,"href":"https:\/\/www.gizgraphics.ch\/index.php?rest_route=\/wp\/v2\/pages\/2501\/revisions"}],"predecessor-version":[{"id":4174,"href":"https:\/\/www.gizgraphics.ch\/index.php?rest_route=\/wp\/v2\/pages\/2501\/revisions\/4174"}],"wp:attachment":[{"href":"https:\/\/www.gizgraphics.ch\/index.php?rest_route=%2Fwp%2Fv2%2Fmedia&parent=2501"}],"curies":[{"name":"wp","href":"https:\/\/api.w.org\/{rel}","templated":true}]}}