{"id":24,"date":"2013-03-05T12:58:43","date_gmt":"2013-03-05T10:58:43","guid":{"rendered":"http:\/\/www.gizgraphics.ch\/?page_id=24"},"modified":"2019-02-28T16:17:07","modified_gmt":"2019-02-28T14:17:07","slug":"kurse","status":"publish","type":"page","link":"http:\/\/www.gizgraphics.ch\/?page_id=24","title":{"rendered":"Kurse"},"content":{"rendered":"<div class=\"wpb-content-wrapper\"><p>[vc_row css=&#8220;.vc_custom_1462954625462{margin-bottom: 0px !important;border-bottom-width: 0px !important;padding-bottom: 0px !important;}&#8220;][vc_column][vc_custom_heading text=&#8220;Adobe Kurse&#8220;][vc_separator color=&#8220;custom&#8220; align=&#8220;align_left&#8220; border_width=&#8220;4&#8243; el_width=&#8220;20&#8243; accent_color=&#8220;#00a295&#8243;][\/vc_column][\/vc_row][vc_row css=&#8220;.vc_custom_1462959072273{margin-top: 0px !important;margin-bottom: 0px !important;border-top-width: 0px !important;border-bottom-width: 0px !important;padding-top: 0px !important;padding-bottom: 0px !important;}&#8220;][vc_column width=&#8220;1\/4&#8243; css=&#8220;.vc_custom_1462957312620{margin-top: 0px !important;margin-left: 0px !important;border-top-width: 0px !important;border-left-width: 0px !important;padding-top: 0px !important;padding-left: 0px !important;}&#8220;][vc_single_image image=&#8220;3318&#8243; style=&#8220;vc_box_rounded&#8220; css=&#8220;.vc_custom_1462957745972{padding-left: 18px !important;}&#8220;][vc_single_image image=&#8220;3313&#8243; style=&#8220;vc_box_rounded&#8220; css=&#8220;.vc_custom_1462957752869{padding-left: 18px !important;}&#8220;][vc_single_image image=&#8220;3317&#8243; style=&#8220;vc_box_rounded&#8220; css=&#8220;.vc_custom_1462957760302{padding-left: 18px !important;}&#8220;][\/vc_column][vc_column width=&#8220;3\/4&#8243;][vc_column_text]<\/p>\n<h4><strong>GiZGRAPHICS bietet folgende Adobe-Kurse an:<\/strong><\/h4>\n<p><strong>Grundlagenkurse Adobe Indesign, Photoshop und Illustrator<br \/>\n<\/strong><\/p>\n<ul>\n<li>Einf\u00fchrungskurs f\u00fcr Anf\u00e4nger<\/li>\n<li>Kurs in der Agentur oder bei Ihnen vor Ort<\/li>\n<li>Teilnehmer: 1\u20133 Personen<\/li>\n<\/ul>\n<p>Es k\u00f6nnen einzelne Stunden, Halbtage oder ganze Tage gebucht werden. Der Kursinhalt wird nach vorhandenen Kenntnissen und Zielen individuell zusammengestellt und Ihren Bed\u00fcrfnissen angepasst. Zeiten und Kurstage k\u00f6nnen flexibel festgelegt werden.<\/p>\n<p><strong>Voraussetzungen<\/strong><br \/>\nKenntnisse von grundlegenden Funktionen des PC oder Macs. Teilweise Erfahrungen mit anderen Programmen. Voraussetzung f\u00fcr eine Schulung vor Ort ist der Zugang zu den Adobe Programmen.<\/p>\n<p><strong>Zielgruppe<\/strong><br \/>\nAlle Interessierten, welche die jeweiligen Programme noch nicht gen\u00fcgend kennen und sich Basiskenntnisse aneignen wollen.<\/p>\n<p><strong>Kursziel<\/strong><br \/>\nGrunds\u00e4tzliches Ziel ist das Kennenlernen der Arbeitsoberfl\u00e4che. Die Teilnehmer kennen die Basisfunktionen und die technischen M\u00f6glichkeiten des Programms, finden sich zurecht und wissen sie zu nutzen. Die Ziele sind je nach Programmen und Vorwissen individuell festlegbar.<\/p>\n<p><strong>Kosten<br \/>\n<\/strong> 150 CHF\/Std. (Preise verstehen sich exkl. Spesen und gesetzlicher Mwst. von 8%). Sie bestimmen die Anzahl der Stunden selber. Bitte fragen Sie ungeniert und unverbindlich an.[\/vc_column_text][\/vc_column][\/vc_row][vc_row css=&#8220;.vc_custom_1462959033382{margin-top: 0px !important;border-top-width: 0px !important;padding-top: 0px !important;}&#8220;][vc_column width=&#8220;1\/4&#8243;][\/vc_column][vc_column width=&#8220;3\/4&#8243;][vc_tta_accordion style=&#8220;modern&#8220; shape=&#8220;square&#8220; c_icon=&#8220;&#8220; active_section=&#8220;1462953550270-0e9ebe2b-fc19&#8243; collapsible_all=&#8220;true&#8220;][vc_tta_section title=&#8220;Beispiel Kurs Adobe InDesign&#8220; tab_id=&#8220;1462953550270-0e9ebe2b-fc19&#8243;][vc_column_text]In dem Grundkurs lernen Sie wie Sie die Funktionen von Adobe InDesign zielgerecht einsetzen k\u00f6nnen. Je nach Vorkenntnissen werden erkl\u00e4rt:<br \/>\n&#8211; Funktion Hauptwerkzeuge<br \/>\n&#8211; Erstellen von Zeichenelementen (Rechtecke, Elipsen und Poligone)<br \/>\n&#8211; Navigation, Zoomen, Seitenansichten<br \/>\n&#8211; Ausrichten, Drehen, Neigen Verzerrung von Elementen<br \/>\n&#8211; Aufbau von Dokumenten mit Hilfe von Musterseiten<br \/>\n&#8211; Verwendung der Ebenen<br \/>\n&#8211; Erstellen von Farben und Verwaltung der Farbpaletten<br \/>\n&#8211; Erstellen und Verwendung von Absatz- und Zeichenformate<br \/>\n&#8211; Texte importieren und richtig strukturieren<br \/>\n&#8211; Erstellen von Tabellen und Verwendung der Tabellenfunktion<br \/>\n&#8211; Import Grafiken, Bilder und Text<br \/>\n&#8211; Bildeffekte, Transparenz, \u00dcberlagerung, Schlagschatten etc.<br \/>\n&#8211; Verkn\u00fcpfungen verwalten<br \/>\n&#8211; Dokumente aufbereiten, finalisieren und exportieren (z.b. als Pdf)<br \/>\n&#8211; etc.<\/p>\n<p><strong>Kursziel<\/strong><br \/>\nEinrichtung von einfachen Layouts und Erstellen von Dokumenten. Sie importieren, bearbeiten und gestalten Texte und Bilder und wenden Gestaltungsm\u00f6glichkeiten von InDesign an. Sie bearbeiten Dokumente und k\u00f6nnen diese f\u00fcr den Druck exportieren.<\/p>\n<p><strong>Kosten<br \/>\n<\/strong>Sie bestimmen die Anzahl der Stunden selber. Bitte fragen Sie ungeniert und unverbindlich an.[\/vc_column_text][\/vc_tta_section][\/vc_tta_accordion][\/vc_column][\/vc_row][vc_row css=&#8220;.vc_custom_1462954625462{margin-bottom: 0px !important;border-bottom-width: 0px !important;padding-bottom: 0px !important;}&#8220;][vc_column][vc_custom_heading text=&#8220;WordPress Kurse&#8220;][vc_separator color=&#8220;custom&#8220; align=&#8220;align_left&#8220; border_width=&#8220;4&#8243; el_width=&#8220;20&#8243; accent_color=&#8220;#00a295&#8243;][\/vc_column][\/vc_row][vc_row css=&#8220;.vc_custom_1462959072273{margin-top: 0px !important;margin-bottom: 0px !important;border-top-width: 0px !important;border-bottom-width: 0px !important;padding-top: 0px !important;padding-bottom: 0px !important;}&#8220;][vc_column width=&#8220;1\/4&#8243; css=&#8220;.vc_custom_1462957312620{margin-top: 0px !important;margin-left: 0px !important;border-top-width: 0px !important;border-left-width: 0px !important;padding-top: 0px !important;padding-left: 0px !important;}&#8220;][vc_single_image image=&#8220;3346&#8243; style=&#8220;vc_box_rounded&#8220; css=&#8220;.vc_custom_1462959747488{padding-left: 18px !important;}&#8220;][\/vc_column][vc_column width=&#8220;3\/4&#8243;][vc_column_text]<\/p>\n<h4><strong>Grundlagenkurs WordPress<\/strong><\/h4>\n<p><strong>Erfahren Sie mehr \u00fcber WordPress und erstellen oder verwalten Sie damit Ihre Homepage oder Ihren Blog.<\/strong><\/p>\n<ul>\n<li>Einf\u00fchrungskurs<\/li>\n<li>Kurs in der Agentur oder bei Ihnen vor Ort<\/li>\n<li>Teilnehmer: 1\u20132 Personen<\/li>\n<\/ul>\n<p>Es k\u00f6nnen einzelne Stunden gebucht werden. Der Kursinhalt wird Ihren Bed\u00fcrfnissen angepasst. Zeiten und Kurstage k\u00f6nnen flexibel festgelegt werden.<br \/>\n<strong>Voraussetzungen<\/strong><br \/>\nKenntnisse von grundlegenden Funktionen des PC oder Macs. Teilweise Erfahrungen mit anderen Programmen. Voraussetzung f\u00fcr eine Schulung vor Ort ist der Zugang zum Internet.<\/p>\n<p><strong>Zielgruppe<\/strong><br \/>\nAlle, die eine Homepage oder einen Blog mit Hilfe von WordPress im Internet aufbauen und betreiben wollen.<\/p>\n<p><strong>Kursziel<\/strong><br \/>\nSie k\u00f6nnen einen eigene Seite oder Blog einrichten und die Inhalte bearbeiten oder neue Inhalte hinzuf\u00fcgen. Sie wissen, wie man Aktualisierungen vornimmt und die Seite pflegt und aktuell h\u00e4lt.<\/p>\n<p><strong><br \/>\n<\/strong><strong>Kosten<br \/>\n<\/strong> 150 CHF\/Std. (Preise verstehen sich exkl. Spesen und gesetzlicher Mwst. von 8%). Sie bestimmen die Anzahl der Stunden selber. Bitte fragen Sie ungeniert und unverbindlich an.[\/vc_column_text][\/vc_column][\/vc_row][vc_row css=&#8220;.vc_custom_1462954625462{margin-bottom: 0px !important;border-bottom-width: 0px !important;padding-bottom: 0px !important;}&#8220;][vc_column][vc_custom_heading text=&#8220;Kurse Laternenmalen&#8220;][vc_separator color=&#8220;custom&#8220; align=&#8220;align_left&#8220; border_width=&#8220;4&#8243; el_width=&#8220;20&#8243; accent_color=&#8220;#00a295&#8243;][\/vc_column][\/vc_row][vc_row css=&#8220;.vc_custom_1462959072273{margin-top: 0px !important;margin-bottom: 0px !important;border-top-width: 0px !important;border-bottom-width: 0px !important;padding-top: 0px !important;padding-bottom: 0px !important;}&#8220;][vc_column width=&#8220;1\/4&#8243; css=&#8220;.vc_custom_1462957312620{margin-top: 0px !important;margin-left: 0px !important;border-top-width: 0px !important;border-left-width: 0px !important;padding-top: 0px !important;padding-left: 0px !important;}&#8220;][vc_single_image image=&#8220;3356&#8243; style=&#8220;vc_box_rounded&#8220; css=&#8220;.vc_custom_1462965170733{padding-left: 18px !important;}&#8220;][\/vc_column][vc_column width=&#8220;3\/4&#8243;][vc_column_text]<\/p>\n<h4><strong>K\u00fcnstlerischer Einf\u00fchrungskurs ins Laternenmalen<\/strong><\/h4>\n<p><strong>Erfahren Sie mehr \u00fcber das traditionelle Laternenmalen der Basler Fasnacht. Historisches, Materialkunde, Technik, Tricks und Kniffs.<\/strong><\/p>\n<ul>\n<li>Geschichtliches<\/li>\n<li>Theorie: Technik, Farben- und Materialkunde<\/li>\n<li>Bespannen, Gelatinieren, Malen, Lackieren<\/li>\n<li>Tricks und Kniffe<\/li>\n<li>Teilnehmer: 2\u20135 Personen<\/li>\n<li>Das Material wird zur Verf\u00fcgung gestellt und ist in der Kursgeb\u00fchr inbegriffen.<\/li>\n<li>Kursdauer: insgesamt 12 Std aufgeteilt auf mehrere Tage<\/li>\n<li>Zeiten und Kurstage k\u00f6nnen flexibel festgelegt werden<\/li>\n<\/ul>\n<p>Am Schluss kann sein eigenes kleines gemaltes Bild mit nach Hause genommen werden<br \/>\n<strong>Voraussetzungen<\/strong><br \/>\nKeine<\/p>\n<p><strong>Zielgruppe<\/strong><br \/>\nAlle, die sich f\u00fcr die traditionelle Basler Laternenmalkunst interessieren.<\/p>\n<p><strong>Kursziel<\/strong><br \/>\nSie besitzen ein Grundwissen um Ihre eigene Laterne bespannen, gelatinieren, malen und lackieren zu k\u00f6nnen.<\/p>\n<p><strong>Kosten<br \/>\n<\/strong> 800 Chf pro Person (Preise verstehen sich exkl. gesetzlicher Mwst. von 7.7%). Der Kurs findet nur bei Anmeldung ab 2 Personen statt. Kurse nur in den Monaten April-November! F\u00fcr Einzelkurse fragen Sie bitte ungeniert und unverbindlich an.[\/vc_column_text][\/vc_column][\/vc_row][vc_row color_scheme=&#8220;white&#8220; css=&#8220;.vc_custom_1461701012923{margin-top: 0px !important;margin-bottom: 0px !important;border-top-width: 0px !important;border-bottom-width: 0px !important;padding-top: 10px !important;padding-bottom: 5px !important;background-color: #00a295 !important;}&#8220;][vc_column]<div class=\"vntd-special-heading special-heading-align-center heading-no-separator\" style=\"margin-bottom:10px;\"><h1 class=\"header  font-primary uppercase font-size-30 font-primary font-weight-default\" ><\/h1><\/div>[\/vc_column][\/vc_row]<\/p>\n<\/div>","protected":false},"excerpt":{"rendered":"<p>[vc_row css=&#8220;.vc_custom_1462954625462{margin-bottom: 0px !important;border-bottom-width: 0px !important;padding-bottom: 0px !important;}&#8220;][vc_column][vc_custom_heading text=&#8220;Adobe Kurse&#8220;][vc_separator color=&#8220;custom&#8220; align=&#8220;align_left&#8220; border_width=&#8220;4&#8243; el_width=&#8220;20&#8243; accent_color=&#8220;#00a295&#8243;][\/vc_column][\/vc_row][vc_row css=&#8220;.vc_custom_1462959072273{margin-top: 0px !important;margin-bottom: 0px !important;border-top-width: 0px !important;border-bottom-width: 0px !important;padding-top: 0px !important;padding-bottom: 0px !important;}&#8220;][vc_column width=&#8220;1\/4&#8243; css=&#8220;.vc_custom_1462957312620{margin-top: 0px !important;margin-left: 0px !important;border-top-width: 0px !important;border-left-width: 0px !important;padding-top: 0px !important;padding-left: 0px !important;}&#8220;][vc_single_image image=&#8220;3318&#8243; style=&#8220;vc_box_rounded&#8220; css=&#8220;.vc_custom_1462957745972{padding-left: 18px !important;}&#8220;][vc_single_image image=&#8220;3313&#8243; style=&#8220;vc_box_rounded&#8220; css=&#8220;.vc_custom_1462957752869{padding-left: [&hellip;]<\/p>\n","protected":false},"author":3,"featured_media":0,"parent":0,"menu_order":0,"comment_status":"closed","ping_status":"closed","template":"","meta":{"footnotes":""},"class_list":["post-24","page","type-page","status-publish","hentry"],"_links":{"self":[{"href":"http:\/\/www.gizgraphics.ch\/index.php?rest_route=\/wp\/v2\/pages\/24","targetHints":{"allow":["GET"]}}],"collection":[{"href":"http:\/\/www.gizgraphics.ch\/index.php?rest_route=\/wp\/v2\/pages"}],"about":[{"href":"http:\/\/www.gizgraphics.ch\/index.php?rest_route=\/wp\/v2\/types\/page"}],"author":[{"embeddable":true,"href":"http:\/\/www.gizgraphics.ch\/index.php?rest_route=\/wp\/v2\/users\/3"}],"replies":[{"embeddable":true,"href":"http:\/\/www.gizgraphics.ch\/index.php?rest_route=%2Fwp%2Fv2%2Fcomments&post=24"}],"version-history":[{"count":98,"href":"http:\/\/www.gizgraphics.ch\/index.php?rest_route=\/wp\/v2\/pages\/24\/revisions"}],"predecessor-version":[{"id":3769,"href":"http:\/\/www.gizgraphics.ch\/index.php?rest_route=\/wp\/v2\/pages\/24\/revisions\/3769"}],"wp:attachment":[{"href":"http:\/\/www.gizgraphics.ch\/index.php?rest_route=%2Fwp%2Fv2%2Fmedia&parent=24"}],"curies":[{"name":"wp","href":"https:\/\/api.w.org\/{rel}","templated":true}]}}

<div class="wpb-content-wrapper"><p>[vc_row css=&#8220;.vc_custom_1462954625462{margin-bottom: 0px !important;border-bottom-width: 0px !important;padding-bottom: 0px !important;}&#8220;][vc_column][vc_custom_heading text=&#8220;Adobe Kurse&#8220;][vc_separator color=&#8220;custom&#8220; align=&#8220;align_left&#8220; border_width=&#8220;4&#8243; el_width=&#8220;20&#8243; accent_color=&#8220;#00a295&#8243;][/vc_column][/vc_row][vc_row css=&#8220;.vc_custom_1462959072273{margin-top: 0px !important;margin-bottom: 0px !important;border-top-width: 0px !important;border-bottom-width: 0px !important;padding-top: 0px !important;padding-bottom: 0px !important;}&#8220;][vc_column width=&#8220;1/4&#8243; css=&#8220;.vc_custom_1462957312620{margin-top: 0px !important;margin-left: 0px !important;border-top-width: 0px !important;border-left-width: 0px !important;padding-top: 0px !important;padding-left: 0px !important;}&#8220;][vc_single_image image=&#8220;3318&#8243; style=&#8220;vc_box_rounded&#8220; css=&#8220;.vc_custom_1462957745972{padding-left: 18px !important;}&#8220;][vc_single_image image=&#8220;3313&#8243; style=&#8220;vc_box_rounded&#8220; css=&#8220;.vc_custom_1462957752869{padding-left: 18px !important;}&#8220;][vc_single_image image=&#8220;3317&#8243; style=&#8220;vc_box_rounded&#8220; css=&#8220;.vc_custom_1462957760302{padding-left: 18px !important;}&#8220;][/vc_column][vc_column width=&#8220;3/4&#8243;][vc_column_text]</p>
<h4><strong>GiZGRAPHICS bietet folgende Adobe-Kurse an:</strong></h4>
<p><strong>Grundlagenkurse Adobe Indesign, Photoshop und Illustrator<br />
</strong></p>
<ul>
<li>Einführungskurs für Anfänger</li>
<li>Kurs in der Agentur oder bei Ihnen vor Ort</li>
<li>Teilnehmer: 1–3 Personen</li>
</ul>
<p>Es können einzelne Stunden, Halbtage oder ganze Tage gebucht werden. Der Kursinhalt wird nach vorhandenen Kenntnissen und Zielen individuell zusammengestellt und Ihren Bedürfnissen angepasst. Zeiten und Kurstage können flexibel festgelegt werden.</p>
<p><strong>Voraussetzungen</strong><br />
Kenntnisse von grundlegenden Funktionen des PC oder Macs. Teilweise Erfahrungen mit anderen Programmen. Voraussetzung für eine Schulung vor Ort ist der Zugang zu den Adobe Programmen.</p>
<p><strong>Zielgruppe</strong><br />
Alle Interessierten, welche die jeweiligen Programme noch nicht genügend kennen und sich Basiskenntnisse aneignen wollen.</p>
<p><strong>Kursziel</strong><br />
Grundsätzliches Ziel ist das Kennenlernen der Arbeitsoberfläche. Die Teilnehmer kennen die Basisfunktionen und die technischen Möglichkeiten des Programms, finden sich zurecht und wissen sie zu nutzen. Die Ziele sind je nach Programmen und Vorwissen individuell festlegbar.</p>
<p><strong>Kosten<br />
</strong> 150 CHF/Std. (Preise verstehen sich exkl. Spesen und gesetzlicher Mwst. von 8%). Sie bestimmen die Anzahl der Stunden selber. Bitte fragen Sie ungeniert und unverbindlich an.[/vc_column_text][/vc_column][/vc_row][vc_row css=&#8220;.vc_custom_1462959033382{margin-top: 0px !important;border-top-width: 0px !important;padding-top: 0px !important;}&#8220;][vc_column width=&#8220;1/4&#8243;][/vc_column][vc_column width=&#8220;3/4&#8243;][vc_tta_accordion style=&#8220;modern&#8220; shape=&#8220;square&#8220; c_icon=&#8220;&#8220; active_section=&#8220;1462953550270-0e9ebe2b-fc19&#8243; collapsible_all=&#8220;true&#8220;][vc_tta_section title=&#8220;Beispiel Kurs Adobe InDesign&#8220; tab_id=&#8220;1462953550270-0e9ebe2b-fc19&#8243;][vc_column_text]In dem Grundkurs lernen Sie wie Sie die Funktionen von Adobe InDesign zielgerecht einsetzen können. Je nach Vorkenntnissen werden erklärt:<br />
&#8211; Funktion Hauptwerkzeuge<br />
&#8211; Erstellen von Zeichenelementen (Rechtecke, Elipsen und Poligone)<br />
&#8211; Navigation, Zoomen, Seitenansichten<br />
&#8211; Ausrichten, Drehen, Neigen Verzerrung von Elementen<br />
&#8211; Aufbau von Dokumenten mit Hilfe von Musterseiten<br />
&#8211; Verwendung der Ebenen<br />
&#8211; Erstellen von Farben und Verwaltung der Farbpaletten<br />
&#8211; Erstellen und Verwendung von Absatz- und Zeichenformate<br />
&#8211; Texte importieren und richtig strukturieren<br />
&#8211; Erstellen von Tabellen und Verwendung der Tabellenfunktion<br />
&#8211; Import Grafiken, Bilder und Text<br />
&#8211; Bildeffekte, Transparenz, Überlagerung, Schlagschatten etc.<br />
&#8211; Verknüpfungen verwalten<br />
&#8211; Dokumente aufbereiten, finalisieren und exportieren (z.b. als Pdf)<br />
&#8211; etc.</p>
<p><strong>Kursziel</strong><br />
Einrichtung von einfachen Layouts und Erstellen von Dokumenten. Sie importieren, bearbeiten und gestalten Texte und Bilder und wenden Gestaltungsmöglichkeiten von InDesign an. Sie bearbeiten Dokumente und können diese für den Druck exportieren.</p>
<p><strong>Kosten<br />
</strong>Sie bestimmen die Anzahl der Stunden selber. Bitte fragen Sie ungeniert und unverbindlich an.[/vc_column_text][/vc_tta_section][/vc_tta_accordion][/vc_column][/vc_row][vc_row css=&#8220;.vc_custom_1462954625462{margin-bottom: 0px !important;border-bottom-width: 0px !important;padding-bottom: 0px !important;}&#8220;][vc_column][vc_custom_heading text=&#8220;WordPress Kurse&#8220;][vc_separator color=&#8220;custom&#8220; align=&#8220;align_left&#8220; border_width=&#8220;4&#8243; el_width=&#8220;20&#8243; accent_color=&#8220;#00a295&#8243;][/vc_column][/vc_row][vc_row css=&#8220;.vc_custom_1462959072273{margin-top: 0px !important;margin-bottom: 0px !important;border-top-width: 0px !important;border-bottom-width: 0px !important;padding-top: 0px !important;padding-bottom: 0px !important;}&#8220;][vc_column width=&#8220;1/4&#8243; css=&#8220;.vc_custom_1462957312620{margin-top: 0px !important;margin-left: 0px !important;border-top-width: 0px !important;border-left-width: 0px !important;padding-top: 0px !important;padding-left: 0px !important;}&#8220;][vc_single_image image=&#8220;3346&#8243; style=&#8220;vc_box_rounded&#8220; css=&#8220;.vc_custom_1462959747488{padding-left: 18px !important;}&#8220;][/vc_column][vc_column width=&#8220;3/4&#8243;][vc_column_text]</p>
<h4><strong>Grundlagenkurs WordPress</strong></h4>
<p><strong>Erfahren Sie mehr über WordPress und erstellen oder verwalten Sie damit Ihre Homepage oder Ihren Blog.</strong></p>
<ul>
<li>Einführungskurs</li>
<li>Kurs in der Agentur oder bei Ihnen vor Ort</li>
<li>Teilnehmer: 1–2 Personen</li>
</ul>
<p>Es können einzelne Stunden gebucht werden. Der Kursinhalt wird Ihren Bedürfnissen angepasst. Zeiten und Kurstage können flexibel festgelegt werden.<br />
<strong>Voraussetzungen</strong><br />
Kenntnisse von grundlegenden Funktionen des PC oder Macs. Teilweise Erfahrungen mit anderen Programmen. Voraussetzung für eine Schulung vor Ort ist der Zugang zum Internet.</p>
<p><strong>Zielgruppe</strong><br />
Alle, die eine Homepage oder einen Blog mit Hilfe von WordPress im Internet aufbauen und betreiben wollen.</p>
<p><strong>Kursziel</strong><br />
Sie können einen eigene Seite oder Blog einrichten und die Inhalte bearbeiten oder neue Inhalte hinzufügen. Sie wissen, wie man Aktualisierungen vornimmt und die Seite pflegt und aktuell hält.</p>
<p><strong><br />
</strong><strong>Kosten<br />
</strong> 150 CHF/Std. (Preise verstehen sich exkl. Spesen und gesetzlicher Mwst. von 8%). Sie bestimmen die Anzahl der Stunden selber. Bitte fragen Sie ungeniert und unverbindlich an.[/vc_column_text][/vc_column][/vc_row][vc_row css=&#8220;.vc_custom_1462954625462{margin-bottom: 0px !important;border-bottom-width: 0px !important;padding-bottom: 0px !important;}&#8220;][vc_column][vc_custom_heading text=&#8220;Kurse Laternenmalen&#8220;][vc_separator color=&#8220;custom&#8220; align=&#8220;align_left&#8220; border_width=&#8220;4&#8243; el_width=&#8220;20&#8243; accent_color=&#8220;#00a295&#8243;][/vc_column][/vc_row][vc_row css=&#8220;.vc_custom_1462959072273{margin-top: 0px !important;margin-bottom: 0px !important;border-top-width: 0px !important;border-bottom-width: 0px !important;padding-top: 0px !important;padding-bottom: 0px !important;}&#8220;][vc_column width=&#8220;1/4&#8243; css=&#8220;.vc_custom_1462957312620{margin-top: 0px !important;margin-left: 0px !important;border-top-width: 0px !important;border-left-width: 0px !important;padding-top: 0px !important;padding-left: 0px !important;}&#8220;][vc_single_image image=&#8220;3356&#8243; style=&#8220;vc_box_rounded&#8220; css=&#8220;.vc_custom_1462965170733{padding-left: 18px !important;}&#8220;][/vc_column][vc_column width=&#8220;3/4&#8243;][vc_column_text]</p>
<h4><strong>Künstlerischer Einführungskurs ins Laternenmalen</strong></h4>
<p><strong>Erfahren Sie mehr über das traditionelle Laternenmalen der Basler Fasnacht. Historisches, Materialkunde, Technik, Tricks und Kniffs.</strong></p>
<ul>
<li>Geschichtliches</li>
<li>Theorie: Technik, Farben- und Materialkunde</li>
<li>Bespannen, Gelatinieren, Malen, Lackieren</li>
<li>Tricks und Kniffe</li>
<li>Teilnehmer: 2–5 Personen</li>
<li>Das Material wird zur Verfügung gestellt und ist in der Kursgebühr inbegriffen.</li>
<li>Kursdauer: insgesamt 12 Std aufgeteilt auf mehrere Tage</li>
<li>Zeiten und Kurstage können flexibel festgelegt werden</li>
</ul>
<p>Am Schluss kann sein eigenes kleines gemaltes Bild mit nach Hause genommen werden<br />
<strong>Voraussetzungen</strong><br />
Keine</p>
<p><strong>Zielgruppe</strong><br />
Alle, die sich für die traditionelle Basler Laternenmalkunst interessieren.</p>
<p><strong>Kursziel</strong><br />
Sie besitzen ein Grundwissen um Ihre eigene Laterne bespannen, gelatinieren, malen und lackieren zu können.</p>
<p><strong>Kosten<br />
</strong> 800 Chf pro Person (Preise verstehen sich exkl. gesetzlicher Mwst. von 7.7%). Der Kurs findet nur bei Anmeldung ab 2 Personen statt. Kurse nur in den Monaten April-November! Für Einzelkurse fragen Sie bitte ungeniert und unverbindlich an.[/vc_column_text][/vc_column][/vc_row][vc_row color_scheme=&#8220;white&#8220; css=&#8220;.vc_custom_1461701012923{margin-top: 0px !important;margin-bottom: 0px !important;border-top-width: 0px !important;border-bottom-width: 0px !important;padding-top: 10px !important;padding-bottom: 5px !important;background-color: #00a295 !important;}&#8220;][vc_column]<div class="vntd-special-heading special-heading-align-center heading-no-separator" style="margin-bottom:10px;"><h1 class="header  font-primary uppercase font-size-30 font-primary font-weight-default" ></h1></div>[/vc_column][/vc_row]</p>
</div>
